e 218 = i + 127. Suppose -i*d = -93*d + 66. What is the greatest common divisor of d and 176?
11
Suppose 3*w + 85 = -n, 0*w = 4*w - 5*n + 145. Let k = -25 - w. Let l be 14 - 30/k*(-2)/4. What is the highest common factor of l and 187?
17
Suppose 0 = 2*m - 2*n - 12, 44*m + 3*n - 6 = 41*m. What is the highest common factor of m and 108?
4
Suppose 3*x = 255*x - 3528. Calculate the highest common divisor of 346 and x.
2
Let a(o) = o**2 + 5*o - 26. Let c be a(5). Let q be (-170)/4*(-48)/c. What is the greatest common divisor of q and 68?
17
Let a = -355 - -775. Let g be ((-4)/6)/((-7)/a). Calculate the highest common divisor of g and 400.
40
Suppose -5*l + 280 = 4*i + 8, 75 = i + 3*l. Let o(g) = -g**3 + 4*g**2 + 6*g + 1. Let s be o(5). What is the highest common factor of s and i?
3
Suppose 15*w = -5*y + 19*w + 12170, -4*y = -2*w - 9730. What is the greatest common divisor of y and 60?
30
Let l(i) = -i**2 + 17*i - 14. Let c be (2/6*6)/(4/30). Let d be l(c). What is the greatest common factor of d and 2?
2
Let k(f) = f**2 + 10*f + 419. Let d be k(-21). Calculate the greatest common factor of 455 and d.
65
Let h be (-2)/(-5) + 130/50. Suppose -h*f - 84 = -6*f. Suppose -5*s - 5*z + 1550 = 0, 5*z - 79 = -2*s + 547. What is the highest common factor of s and f?
28
Let k be (-4*9/12)/((-2)/4). Suppose k*o + 2*o = 16. Suppose -4*n - 2*d - 2 = 0, -5*d = -o*n + 5*n + 19. Calculate the greatest common divisor of n and 9.
1
Let a(h) = 30*h - 312. Let q be a(11). Suppose 0 = 3*t + 3*o - 45, t + o - 18 = -o. Calculate the highest common divisor of q and t.
6
Suppose 31385*v - 31362*v - 218891 = 0. What is the greatest common factor of v and 62?
31
Let c(h) = 2*h - 33. Let j be c(27). Let q = -267 - -624. Calculate the highest common factor of q and j.
21
Suppose -a - 2435 = 5*q + 4*a, 0 = -4*q - a - 1951. Let i be q/(-2)*10/100*-5. Let y = -81 - i. Calculate the greatest common divisor of y and 41.
41
Let v = -344 + 198. Let l = 178 + v. Calculate the greatest common factor of 80 and l.
16
Let m(u) = -7*u - 4. Let g be m(-4). Suppose -192*x = -232*x + 3520. What is the highest common factor of g and x?
8
Let r be -54*((-935)/(-85) - 1/(4/56)). Let w(s) = 9*s**2 + 8*s - 6. Let m be w(-6). Calculate the greatest common divisor of m and r.
54
Suppose -3*h = -43*c + 49*c - 36957, 0 = 4*c - 3*h - 24643. Calculate the greatest common factor of 40 and c.
40
Let i be (-17)/1 + (-2)/4*10. Let g = i + 41. Calculate the greatest common factor of 133 and g.
19
Let k = -60 + 78. Let l be (2 + -3)*(-61)/(3/3). Let n = l - 43. What is the highest common divisor of k and n?
18
Suppose 0 = 5*t - 2*t - 0*t - 11583. Calculate the highest common factor of 22 and t.
11
Suppose -1 + 11 = 5*k. Suppose -j + 66 = k*j. Let s = 39 + -17. What is the highest common factor of j and s?
22
Suppose 4*m = 4*c - 940, 4*c - 3*m = 16 + 925. Let q = -31 + c. Suppose -16*y + 227 = -q. Calculate the highest common factor of 9 and y.
9
Suppose 2*t = 2*y + 248, -2*y + 392 = 93*t - 90*t. Calculate the greatest common factor of t and 8192.
128
Let b(h) = h**2 - 20*h + 30. Let q be b(19). Suppose -56 = -0*x - x. Suppose 0 = q*j - 4*j - x. What is the greatest common factor of 72 and j?
8
Let v(p) = -34*p + 6. Let i be ((-9)/(-36))/(2/(-8)). Let b be v(i). Suppose -4 = k - 2*k. Calculate the greatest common factor of k and b.
4
Suppose 0*m = -5*m + 70. Let f = 125644 + -125462. What is the greatest common divisor of m and f?
14
Let k(l) = l**2 - 8*l - 112. Let q be k(16). Suppose 128 = -14*r + q*r. Calculate the highest common divisor of r and 16.
16
Suppose 4*a - 3*x - 354 - 467 = 0, 5*a - 1050 = -x. Let c = 2381 + -2343. What is the highest common factor of c and a?
19
Let r be 169 + 2*((-21)/6)/7. Suppose t + r - 64 = 5*a, -3*t = -3*a + 60. What is the greatest common divisor of a and 273?
21
Suppose -4*q + 12930 - 62056 = -2*o, -2*q = 14. Calculate the greatest common factor of o and 21.
21
Let x be ((-8)/12 - (-8)/3) + 1. Suppose v + 0*h - 12 = -x*h, 5*h - 9 = 2*v. Let u be ((-14)/63 - (-4)/18) + v. What is the highest common divisor of 2 and u?
1
Suppose -18*k + 14*k - 2*c = 8, 0 = -4*k + 2*c - 24. Let u be (-322)/k + 35/10. Calculate the highest common factor of u and 28.
28
Let x = -37 + 64. Suppose -a + 5*f = 7, 5*a + 15 - 68 = 3*f. Let p be (-1298)/(-6) - a/39. Calculate the highest common factor of p and x.
27
Let v be 184/(-56) + 8 - (-6)/21. Let j = 2 - 10. Let b = 17 - j. What is the greatest common divisor of v and b?
5
Let p be (-10)/(-6)*(-6)/(-5). Let l be 128 - -6 - (p + -8). What is the greatest common divisor of l and 56?
28
Let t = -347 - 146. Let x = -447 - t. Calculate the greatest common divisor of x and 92.
46
Suppose -438 + 829 = 17*t. What is the highest common divisor of 4232 and t?
23
Let y = 481 + -481. Suppose y = 7*v - 63 - 28. Calculate the greatest common divisor of v and 26.
13
Suppose 25004 + 4746 = 84*c - 7882. Calculate the greatest common divisor of 272 and c.
16
Let b be (-34)/(-51)*78/4. Suppose 4*x = -5*o + 122, 3*x = -3*o + 5 + 67. Suppose 10*r = 12*r - o. What is the greatest common factor of r and b?
13
Let h(y) = -18*y - 105. Let v be h(-6). Suppose -2*b = -5*w - 67, 3*w = v*b + 5*w - 110. What is the highest common factor of 36 and b?
36
Suppose -s = -2*s + 162. Let z = -4512 + 4518. What is the highest common factor of z and s?
6
Let j be (3 - 4) + (0/6 - -67). Let r be j/24 + (0 - (-12)/(-16)). What is the greatest common factor of 10 and r?
2
Let a = -4703 - -5858. Calculate the highest common factor of a and 175.
35
Suppose -9912 = 54*r - 56*r. What is the highest common factor of r and 177?
177
Let t be (742/28)/((-2)/(-4)). Suppose 3996 = 62*h - t*h. What is the highest common divisor of 24 and h?
12
Let z be (10 - 0) + (-1 - -2). Let k(x) = x**2 - 11*x + 1. Let y be k(z). Let u be 8 - 2/(-6)*(4 - y). Calculate the highest common factor of 99 and u.
9
Let a = -19797 - -20196. Calculate the highest common divisor of a and 357.
21
Let q be 4/(-10)*(1 + 19). Let x(s) = -16*s + 12. Let l be x(q). Let f = l - 14. What is the highest common divisor of f and 21?
21
Let a(r) = -70*r - 993. Let d be a(-15). What is the greatest common divisor of 3363 and d?
57
Let o = 3583 + -2047. Let f = o - 915. Calculate the greatest common divisor of 27 and f.
27
Let r(b) = 19*b**3 - 3*b**2 + 11*b - 1. Let a be r(3). Suppose 0 = a*h - 513*h - 800. What is the greatest common factor of h and 40?
40
Let g(p) = -31*p + 64. Let s be g(2). Suppose -40 = -4*t - 4*f, s = 2*t + f - 14. What is the highest common factor of 24 and t?
6
Suppose 4*b - 5 = 4*z - 25, -5*b + 2 = 4*z. Suppose -f + 190 = 5*s, f + 38 = s - z*f. Calculate the highest common factor of s and 38.
38
Suppose 0 = 11*c - 14*c + 21. Suppose c*h + 11*h - 1440 = 0. What is the highest common divisor of 170 and h?
10
Suppose 7*n = 12*n + x - 18, -4*x = 4*n - 8. What is the highest common factor of 64 and n?
4
Suppose -846 - 1026 = -52*s. What is the greatest common divisor of s and 316?
4
Let q(k) = 29*k**2 - 478*k - 39. Let d be q(17). What is the greatest common divisor of d and 1152?
72
Let t(o) = 8504*o - 4617. Let f be t(8). Calculate the greatest common factor of f and 55.
55
Let h(s) = 10*s**3 + 179*s**2 - 27*s - 110. Let a be h(-18). Calculate the greatest common divisor of a and 35516.
52
Let w = -2636 + 2732. What is the highest common divisor of w and 852?
12
Let p(h) = h - 8. Let y be p(-8). Let j be 6/y - 66638/(-208). What is the highest common divisor of j and 192?
64
Let y(o) = 14*o**2 - 11*o + 19. Let s be y(2). Calculate the greatest common divisor of s and 3392.
53
Suppose -2*f + 55 = -3*p, 16*f + 3*p + 95 = 20*f. Let y be 3 - (2 - -1) - -210. Calculate the greatest common divisor of f and y.
10
Suppose 0 = -2*a - 10, -98*t + 785 = -93*t - a. What is the highest common factor of 51 and t?
3
Let g be 70/(-315) - (-50)/(-18) - -267. What is the highest common factor of g and 429?
33
Let r = 33318 - 33266. Suppose n + 5*g - 249 = 0, -2*n = -0*n + 2*g - 474. Calculate the highest common divisor of r and n.
26
Let v(b) = -b**3 - 6*b**2 + 9*b - 449 + 3*b**2 + 479. Let p be v(-3). Calculate the greatest common divisor of 33 and p.
3
Suppose 4*t = l + 256, -t - 2*l = -3*t + 134. Let z(k) = -k**3 + 76*k